{"id":803,"date":"2022-09-09T09:25:49","date_gmt":"2022-09-09T08:25:49","guid":{"rendered":"https:\/\/baeckerei-holzmeyer.de\/?post_type=product&#038;p=803"},"modified":"2023-10-02T08:24:53","modified_gmt":"2023-10-02T07:24:53","slug":"kaesebroetchen","status":"publish","type":"product","link":"https:\/\/baeckerei-holzmeyer.de\/?product=kaesebroetchen","title":{"rendered":"K\u00e4sebr\u00f6tchen"},"content":{"rendered":"<p>K\u00e4se ohne Farbstoffe.<\/p>\n","protected":false},"excerpt":{"rendered":"<p>K\u00e4se ohne Farbstoffe.<\/p>\n","protected":false},"featured_media":729,"template":"","meta":{"ngg_post_thumbnail":0},"product_cat":[23],"product_tag":[],"class_list":{"0":"post-803","1":"product","2":"type-product","3":"status-publish","4":"has-post-thumbnail","6":"product_cat-broetchen","8":"first","9":"instock","10":"taxable","11":"shipping-taxable","12":"purchasable","13":"product-type-simple"},"_links":{"self":[{"href":"https:\/\/baeckerei-holzmeyer.de\/index.php?rest_route=\/wp\/v2\/product\/803","targetHints":{"allow":["GET"]}}],"collection":[{"href":"https:\/\/baeckerei-holzmeyer.de\/index.php?rest_route=\/wp\/v2\/product"}],"about":[{"href":"https:\/\/baeckerei-holzmeyer.de\/index.php?rest_route=\/wp\/v2\/types\/product"}],"wp:featuredmedia":[{"embeddable":true,"href":"https:\/\/baeckerei-holzmeyer.de\/index.php?rest_route=\/wp\/v2\/media\/729"}],"wp:attachment":[{"href":"https:\/\/baeckerei-holzmeyer.de\/index.php?rest_route=%2Fwp%2Fv2%2Fmedia&parent=803"}],"wp:term":[{"taxonomy":"product_cat","embeddable":true,"href":"https:\/\/baeckerei-holzmeyer.de\/index.php?rest_route=%2Fwp%2Fv2%2Fproduct_cat&post=803"},{"taxonomy":"product_tag","embeddable":true,"href":"https:\/\/baeckerei-holzmeyer.de\/index.php?rest_route=%2Fwp%2Fv2%2Fproduct_tag&post=803"}],"curies":[{"name":"wp","href":"https:\/\/api.w.org\/{rel}","templated":true}]}}